 j(y) = 11*y + 1. Let m be j(f). Calculate the highest common factor of m and 31.
31
Suppose z - m + 3 = 0, -5*z + 85 = 4*m + 37. Calculate the greatest common factor of z and 7972.
4
Let p(t) = -193*t - 1151. Let q be p(-6). Calculate the greatest common factor of q and 16079.
7
Suppose -19*n + 34*n = 31*n - 189440. Calculate the greatest common divisor of n and 16.
16
Let x(w) = 12*w**2 - 7*w + 6. Let m be x(2). Suppose 10*c - m = 60. What is the greatest common divisor of 290 and c?
10
Let f(k) = -k**3 - 11*k**2 + 14. Let q = -163 + 152. Let l be f(q). Calculate the greatest common divisor of l and 10.
2
Let i(c) = -6*c**2 + 207*c + 39. Let y be i(31). What is the greatest common divisor of y and 60?
30
Let c = -11 + 83. Suppose -8*j = 3*s - 181 + 127, 2*j - 5*s = -44. What is the highest common factor of j and c?
3
Suppose -19*x - 2945 = -14*x - 2*l, 0 = -l - 5. Let w = 616 + x. What is the highest common divisor of 30 and w?
5
Suppose 2*f + 3*x - 11841 = 6563, 2*f = 2*x + 18374. Calculate the highest common factor of f and 29.
29
Suppose 1295 = 5*i - 5*t, -2*t + 259 = -55*i + 56*i. What is the greatest common divisor of 555 and i?
37
Let l be (-170)/(-7) + (270/35 - 8). What is the greatest common divisor of 744 and l?
24
Suppose 26*y - 191 + 26 = 225. Calculate the highest common divisor of y and 1011.
3
Let l be (-1)/(-2)*58 + -3. Let o = 30 - l. Suppose 0 = -x - v + 65, -4*x + 278 = -74*v + 72*v. What is the highest common divisor of x and o?
4
Let z(q) = q**3 + 5*q**2 - 3*q - 11. Let d be z(-5). Suppose -1 = -d*k + 63. Let n = -118 - -120. What is the highest common factor of k and n?
2
Suppose 0 = 5*s - 3 - 12. Suppose 2*v = s*v - 5. Suppose -1588 + 418 - 430 = -320*c. What is the greatest common factor of v and c?
5
Let d be 1/((-1)/(-4)) + 23 + -24. Let w be (-8070)/(-22) + d + 4/22. What is the greatest common factor of w and 74?
74
Let q = -4173 - -7304. Calculate the greatest common factor of 31 and q.
31
Let h be (174/8)/((-105)/15 - (-62)/8). Suppose 2*w = -0*w + 754. What is the highest common factor of w and h?
29
Let h = 55602 + -55481. Suppose 3*z - 4*o = 29, 5*z - 5*o = -0*o + 50. Calculate the highest common divisor of z and h.
11
Suppose -16*p + 4 = -14*p. Suppose -3*o - 2*r + 3 = 11, -p*o - 4 = 2*r. Let m be (-3 - 428/(-20)) + o/10. What is the greatest common factor of 36 and m?
18
Suppose -12*r + 7402 = -5654. Suppose 0 = 124*k - 141*k + r. What is the greatest common divisor of 48 and k?
16
Let m be 20594/16 - ((-30)/(-18) - (-222)/(-144)). What is the highest common divisor of 891 and m?
99
Let b be 4/((-1170)/(-1167) - 1). Suppose -6958 - b = -33*v. Calculate the greatest common divisor of 12 and v.
6
Let d be (-66)/24*1/((-1)/12). Calculate the highest common factor of d and 253.
11
Suppose 2*t = 9*t - 21. Let r(p) = -2 + 9 - t - 6 - 4*p + p**2. Let y be r(6). What is the highest common divisor of y and 25?
5
Let a = -1716 - -3220. What is the highest common divisor of 47 and a?
47
Suppose -h = 24 - 69. Let n be 15*-27*(-69)/h. What is the greatest common divisor of n and 27?
27
Suppose 129*r = 143*r + 70. Let w be (2 - 3)/((-4)/(-220)*r). Let q be 121*(-1 - (-2)/1). What is the highest common divisor of w and q?
11
Suppose 39*k - 165 = 34*k. Let o = k + -20. Calculate the highest common factor of 403 and o.
13
Suppose -4*u = -43*u + 14742. Suppose 11*h = u + 348. What is the greatest common factor of h and 242?
22
Suppose -2*l - 3*a = -145, l + 3*a + 11 = 91. Calculate the greatest common factor of 1703 and l.
13
Suppose 0 = 2*f - 5*v - 2155, 8*f - 5*v = 7*f + 1075. Calculate the greatest common divisor of f and 3.
3
Let q(o) = -16*o + 296. Let r be q(8). Calculate the highest common factor of 1752 and r.
24
Let z(x) = -2*x**2 + 34*x - 104. Let u be z(12). Suppose -12*a + u*a = 5*p - 63, 2*a + 26 = 2*p. Calculate the greatest common divisor of 1408 and p.
11
Let r(y) = -5*y + 4*y**3 - 35*y**2 + 12*y + 9 - 6*y. Let d be r(9). What is the highest common divisor of d and 18?
9
Let w be (-2)/(-10) + ((-328)/5)/(-2). What is the greatest common divisor of w and 14850?
33
Suppose 8*o - 996 - 412 = 0. Suppose 11*y - o = -5*y. What is the greatest common factor of 11 and y?
11
Let g be (-210)/(-4)*((-26)/6 - -3). Let v = g - -126. What is the greatest common factor of 56 and v?
56
Let w(h) = -6*h - 35. Let s be w(-10). Suppose -1824 = -s*d + 19*d. What is the highest common factor of d and 16?
16
Let m(w) be the first derivative of 7*w**3/3 + 27*w**2/2 - 20*w + 3. Let s be m(7). What is the greatest common factor of 32 and s?
32
Suppose -42*s - 72 = -45*s - 6*q, q + 87 = 5*s. Calculate the greatest common divisor of 15 and s.
3
Let v = -39 + 259. Let h = -24244 + 24288. What is the greatest common divisor of h and v?
44
Let a(x) = 17076*x**3 + 14*x**2 - 10*x - 5. Let s be a(1). Calculate the highest common divisor of s and 25.
25
Let x(p) = 2*p + 32. Let l(u) = -2*u - 32. Let c(r) = 4*l(r) + 3*x(r). Let d be c(-21). Suppose 288 = -4*t + d*t. What is the highest common factor of 6 and t?
6
Let c be 36/(-84) - (-1)/(7/80). Suppose 9*b = b + 88. What is the greatest common factor of b and c?
11
Suppose -44*p + 47*p - n - 1803 = 0, -3004 = -5*p + 2*n. Calculate the greatest common factor of 86 and p.
86
Let b be 2/5 - 76/(-10). Let z be 19/b - (-24)/(-64). Suppose s - z*s + 23 = 3*h, 3*s - 65 = -5*h. What is the greatest common divisor of s and 160?
20
Let y be (-238416)/(-252) - (-32)/(-336). What is the greatest common factor of y and 4300?
86
Let f(k) = -149*k + 128. Let j be f(0). Calculate the highest common factor of 11136 and j.
128
Suppose 2*x - 5265 = -4*n - 1597, -910 = -n - 4*x. Calculate the highest common factor of 408 and n.
102
Suppose a + 19 - 6 = 0. Let n(f) = -26*f - 322. Let h be n(a). Let m = 32 + 0. Calculate the highest common divisor of m and h.
16
Let l be 6*(-10)/15 - -59. Let i be (156/5)/(11/l). Suppose -9*j - i = -966. What is the highest common factor of 60 and j?
30
Let g = 15 + 17. Let s = g - -40. Calculate the highest common factor of 18 and s.
18
Let c be (-987)/94*1464/(-18). What is the highest common factor of c and 366?
122
Let y be (-1416)/(-18)*9/6. Suppose 0 = -3*w + 4*g + 425, -4*w + y = -2*g - 462. Calculate the highest common factor of w and 49.
49
Suppose -3*f + 367 = -4*i - 451, 0 = f + 3*i - 264. Suppose 0 = -11*z + 6*z + f. What is the greatest common divisor of 6 and z?
6
Suppose n = -113 + 33. Let g = 99 + n. Let i = 28 - g. What is the greatest common divisor of 81 and i?
9
Let h(j) = 5*j**2 + 44*j + 56. Let k be h(0). Suppose -5*a = -8496 + 376. What is the greatest common factor of k and a?
56
Suppose -496*l = -j - 498*l + 6335, -2*j + 2*l = -12718. What is the greatest common factor of 365 and j?
73
Suppose 0 = 5*q + 5*z - 1895, -z = -21*q + 16*q + 1841. Calculate the highest common factor of 630 and q.
10
Suppose -14*g + 16*g - 36 = 0. Suppose 4*c + 5*i = 405, 0 = 4*c + 16*i - g*i - 370. Calculate the highest common divisor of c and 95.
95
Let c be 2/4*-1*114/(-3). Suppose -79*n - 475 = -84*n. Calculate the highest common factor of n and c.
19
Let w be 2 - (72/6*-6 + 4). Let u(b) = -b**3 - 5*b**2 + 9*b + 7. Let r be u(-7). Calculate the highest common divisor of r and w.
14
Let k(u) = u**3 + 8*u**2 - 2*u + 6. Let x be 8/2 - (-113 - -2) - -1. Let w = x + -124. Let a be k(w). Calculate the highest common factor of a and 55.
11
Let m(g) = 5*g - 10. Let l be m(7). Let p = l + -3. Let x(k) = -k**2 + 56*k - 557. Let t be x(13). Calculate the greatest common divisor of p and t.
2
Let c be (-2 + 1)*3*1. Let p = 3 - c. Suppose 84 = 4*o - 4*z, -2*o + 23*z = 22*z - 39. Calculate the highest common divisor of p and o.
6
Let u = 15 - 6. Suppose 9*d - 16 = 2. Let p be d - 2 - (0 - (0 + 3)). Calculate the greatest common factor of p and u.
3
Let p = 406 + -412. Let w be (-67)/201*(0 + p). What is the greatest common divisor of 16 and w?
2
Let k be (30/(-45))/((-3)/36). What is the highest common factor of 4024 and k?
8
Suppose -47 = 6*g - 11*g - k, -4*g - 4*k + 28 = 0. Let w = 99 + -29. What is the greatest common factor of w and g?
10
Let j(g) = 1949*g - 132915. Let v be j(69). Suppose u = r + 6*u - 69, 0 = -4*r + 3*u + 207. Calculate the highest common factor of v and r.
54
Sup